t of 312986?
8
What is the hundreds digit of 358361?
3
What is the tens digit of 8981216?
1
What is the ten millions digit of 14784756?
1
What is the units digit of 145322?
2
What is the units digit of 251644?
4
What is the ten thousands digit of 5305357?
0
What is the hundred thousands digit of 602043?
6
What is the millions digit of 15439443?
5
What is the hundreds digit of 1989697?
6
What is the hundred thousands digit of 4735021?
7
What is the tens digit of 6982267?
6
What is the tens digit of 211027?
2
What is the units digit of 495713?
3
What is the hundreds digit of 125411?
4
What is the tens digit of 1326733?
3
What is the hundred thousands digit of 186301?
1
What is the units digit of 2045907?
7
What is the tens digit of 5971176?
7
What is the hundreds digit of 358767?
7
What is the hundreds digit of 1251708?
7
What is the tens digit of 137803?
0
What is the thousands digit of 147903?
7
What is the hundreds digit of 792219?
2
What is the ten thousands digit of 3414084?
1
What is the hundreds digit of 5961536?
5
What is the hundred thousands digit of 34925074?
9
What is the units digit of 1520554?
4
What is the ten millions digit of 28520546?
2
What is the tens digit of 951830?
3
What is the units digit of 2993423?
3
What is the tens digit of 40855030?
3
What is the hundreds digit of 399231?
2
What is the units digit of 5621401?
1
What is the ten millions digit of 24444139?
2
What is the ten thousands digit of 706766?
0
What is the tens digit of 365554?
5
What is the tens digit of 5493780?
8
What is the ten thousands digit of 3784539?
8
What is the hundreds digit of 1017755?
7
What is the hundred thousands digit of 6635967?
6
What is the ten thousands digit of 300598?
0
What is the millions digit of 1989348?
1
What is the hundreds digit of 4853239?
2
What is the hundreds digit of 5604411?
4
What is the thousands digit of 45647?
5
What is the thousands digit of 251942?
1
What is the thousands digit of 324346?
4
What is the units digit of 73850?
0
What is the tens digit of 772351?
5
What is the hundred thousands digit of 3025474?
0
What is the ten thousands digit of 1137204?
3
What is the units digit of 15324631?
1
What is the thousands digit of 2124521?
4
What is the tens digit of 94628?
2
What is the hundred thousands digit of 593875?
5
What is the tens digit of 885086?
8
What is the tens digit of 1570764?
6
What is the ten thousands digit of 4828475?
2
What is the units digit of 317733?
3
What is the hundred thousands digit of 854284?
8
What is the thousands digit of 9209853?
9
What is the hundred thousands digit of 6989672?
9
What is the tens digit of 2142951?
5
What is the thousands digit of 250409?
0
What is the hundred thousands digit of 1496971?
4
What is the thousands digit of 1314775?
4
What is the hundreds digit of 12664067?
0
What is the tens digit of 249344?
4
What is the units digit of 4423071?
1
What is the units digit of 131463?
3
What is the units digit of 267305?
5
What is the thousands digit of 868500?
8
What is the thousands digit of 7653802?
3
What is the units digit of 484576?
6
What is the thousands digit of 5220437?
0
What is the units digit of 2235174?
4
What is the thousands digit of 1596256?
6
What is the units digit of 341989?
9
What is the millions digit of 3750818?
3
What is the hundred thousands digit of 960727?
9
What is the hundred thousands digit of 235331?
2
What is the thousands digit of 198136?
8
What is the ten thousands digit of 3686409?
8
What is the hundreds digit of 5093338?
3
What is the millions digit of 4834885?
4
What is the hundreds digit of 691608?
6
What is the hundred thousands digit of 248686?
2
What is the ten thousands digit of 2072061?
7
What is the units digit of 583111?
1
What is the ten thousands digit of 590452?
9
What is the tens digit of 347537?
3
What is the hundreds digit of 7805?
8
What is the thousands digit of 168958?
8
What is the hundreds digit of 2045939?
9
What is the thousands digit of 710465?
0
What is the hundred thousands digit of 3624980?
6
What is the units digit of 90987?
7
What is the thousands digit of 2701753?
1
What is the hundred thousands digit of 4971598?
9
What is the tens digit of 258015?
1
What is the hundreds digit of 1252977?
9
What is the hundreds digit of 7167846?
8
What is the tens digit of 624870?
7
What is the tens digit of 160784?
8
What is the units digit of 5179599?
9
What is the ten thousands digit of 988285?
8
What is the hundreds digit of 1218434?
4
What is the millions digit of 9122440?
9
What is the tens digit of 18637?
3
What is the millions digit of 9696104?
9
What is the tens digit of 95095?
9
What is the thousands digit of 21550476?
0
What is the hundreds digit of 832411?
4
What is the units digit of 1410338?
8
What is the ten thousands digit of 8151382?
5
What is the thousands digit of 229193?
9
What is the units digit of 374768?
8
What is the hundreds digit of 795982?
9
What is the tens digit of 193525?
2
What is the units digit of 24859087?
7
What is the hundreds digit of 151119?
1
What is the hundred thousands digit of 687159?
6
What is the ten thousands digit of 254604?
5
What is the hundreds digit of 8825572?
5
What is the units digit of 2461604?
4
What is the units digit of 7760821?
1
What is the thousands digit of 857147?
7
What is the units digit of 273581?
1
What is the tens digit of 131088?
8
What is the ten thousands digit of 25936154?
3
What is the hundreds digit of 289746?
7
What is the hundreds digit of 325194?
1
What is the tens digit of 411310?
1
What is the thousands digit of 2425919?
5
What is the ten thousands digit of 5077655?
7
What is the tens digit of 751615?
1
What is the thousands digit of 244539?
4
What is the hundred thousands digit of 192195?
1
What is the hundreds digit of 4277194?
1
What is the ten thousands digit of 25474120?
7
What is the hundreds digit of 411347?
3
What is the ten thousands digit of 94839?
9
What is the hundred thousands digit of 601406?
6
What is the millions digit of 1923346?
1
What is the units digit of 2775518?
8
What is the ten millions digit of 17558315?
1
What is the thousands digit of 1965755?
5
What is the hundreds digit of 292531?
5
What is the hundred thousands digit of 3183754?
1
What is the hundreds digit of 35226?
2
What is the units digit of 2200791?
1
What is the units digit of 3327272?
2
What is the ten millions digit of 24628960?
2
What is the units digit of 1827675?
5
What is the millions digit of 15434459?
5
What is the units digit of 11106824?
4
What is the units digit of 482672?
2
What is the hundred thousands digit of 469321?
4
What is the hundred thousands digit of 3898351?
8
What is the thousands digit of 533891?
3
What is the units digit of 980059?
9
What is the hundreds digit of 137199?
1
What is the millions digit of 4423303?
4
What is the millions digit of 16467261?
6
What is the tens digit of 379974?
7
What is the ten millions digit of 30032851?
3
What is the hundreds digit of 15180985?
9
What is the hundred thousands digit of 317903?
3
What is the units digit of 20545766?
6
What is the thousands digit of 199653?
9
What is the thousands digit of 998047?
8
What is the millions digit of 23240340?
3
What is the hundreds digit of 7279531?
5
What is the hundreds digit of 709807?
8
What is the hundred thousands digit of 433883?
4
What is the ten thousands digit of 19060864?
6
What is the hundred thousands digit of 319484?
3
What is the units digit of 405551?
1
What is the ten thousands digit of 16100553?
0
What is the hundred thousands digit of 16602088?
6
What is the hundred thousands digit of 5926615?
9
What is the millions digit of 1539283?
1
What is the millions digit of 7937313?
7
What is the ten thousands digit of 24015211?
1
What is the hundred thousands digit of 18912153?
9
What is the hundred thousands digit of 1151640?
1
What is the thousands digit of 2073605?
3
What is the units digit of 1518185?
5
What is the hundreds digit of 3695680?
6
What is the hundreds digit of 24225339?
3
What is the thousands digit of 103879?
3
What is the hundreds digit of 2458444?
4
What is the units digit of 1045351?
1
What is the hundreds digit of 1293806?
8
What is the units digit of 11733783?
3
What is the hundreds digit of 15286289?
2
What is the tens digit of 50